he highest common factor of 7 and 203?
7
What is the highest common factor of 18923 and 254?
127
What is the greatest common divisor of 540 and 720?
180
What is the greatest common factor of 6 and 603?
3
What is the highest common divisor of 75 and 50?
25
What is the highest common divisor of 54 and 11988?
54
Calculate the highest common divisor of 126 and 72.
18
What is the greatest common factor of 1728 and 54?
54
Calculate the greatest common divisor of 156 and 195.
39
Calculate the highest common factor of 1404 and 1152.
36
What is the highest common factor of 19392 and 24?
24
What is the highest common divisor of 14 and 56?
14
Calculate the highest common divisor of 8082 and 126.
18
What is the highest common factor of 10268 and 68?
68
Calculate the greatest common divisor of 6 and 398.
2
What is the highest common factor of 99 and 22?
11
Calculate the highest common divisor of 96 and 912.
48
What is the highest common divisor of 39 and 39?
39
Calculate the greatest common divisor of 52 and 12.
4
What is the highest common divisor of 340 and 3980?
20
Calculate the greatest common divisor of 13 and 611.
13
Calculate the greatest common divisor of 539 and 22.
11
Calculate the greatest common divisor of 368 and 48.
16
Calculate the greatest common divisor of 8 and 23416.
8
Calculate the greatest common divisor of 8 and 792.
8
What is the greatest common factor of 143 and 11?
11
What is the greatest common divisor of 1040 and 12220?
260
Calculate the highest common divisor of 2289 and 21.
21
What is the highest common factor of 252 and 28?
28
Calculate the greatest common divisor of 232 and 957.
29
What is the highest common factor of 166 and 2739?
83
What is the highest common divisor of 922 and 8?
2
Calculate the highest common factor of 40 and 340.
20
What is the highest common divisor of 342 and 10146?
114
Calculate the highest common divisor of 46 and 2.
2
Calculate the highest common divisor of 119 and 21.
7
Calculate the highest common factor of 1645 and 70.
35
What is the greatest common factor of 40 and 24?
8
Calculate the greatest common divisor of 210 and 53130.
210
What is the greatest common divisor of 676 and 260?
52
What is the highest common factor of 65 and 3205?
5
Calculate the greatest common factor of 448 and 1456.
112
Calculate the highest common factor of 20 and 1940.
20
Calculate the highest common factor of 16 and 14.
2
What is the greatest common factor of 100 and 1775?
25
Calculate the greatest common divisor of 73134 and 306.
306
Calculate the highest common factor of 154 and 14112.
14
Calculate the highest common divisor of 24 and 150.
6
What is the greatest common divisor of 72 and 261?
9
Calculate the highest common factor of 3013 and 23.
23
Calculate the greatest common divisor of 2624 and 164.
164
What is the greatest common divisor of 165 and 44?
11
What is the greatest common factor of 182 and 42?
14
What is the highest common factor of 14082 and 3?
3
Calculate the highest common factor of 9 and 12.
3
What is the highest common divisor of 753 and 6?
3
Calculate the highest common factor of 9576 and 133.
133
What is the highest common factor of 515 and 7?
1
Calculate the highest common factor of 36 and 156.
12
Calculate the greatest common divisor of 3 and 519.
3
Calculate the greatest common divisor of 34 and 1598.
34
What is the highest common factor of 32960 and 20?
20
Calculate the highest common divisor of 169 and 2223.
13
What is the greatest common divisor of 5382 and 92?
46
What is the greatest common divisor of 675 and 9525?
75
Calculate the highest common divisor of 702 and 9.
9
Calculate the highest common factor of 24 and 300.
12
Calculate the highest common factor of 522 and 414.
18
Calculate the highest common divisor of 3390 and 180.
30
What is the highest common divisor of 51 and 12?
3
What is the greatest common divisor of 24 and 1608?
24
What is the highest common divisor of 350 and 90?
10
Calculate the greatest common factor of 6678 and 252.
126
Calculate the highest common factor of 60 and 12.
12
Calculate the greatest common divisor of 360 and 16.
8
What is the highest common factor of 76 and 5396?
76
What is the highest common divisor of 94 and 1786?
94
Calculate the highest common divisor of 663 and 3471.
39
What is the greatest common divisor of 259 and 1184?
37
Calculate the highest common divisor of 56 and 2.
2
What is the greatest common factor of 2448 and 476?
68
What is the greatest common factor of 2905 and 560?
35
Calculate the greatest common factor of 8 and 1.
1
Calculate the highest common divisor of 42 and 786.
6
What is the highest common factor of 72 and 297?
9
What is the highest common factor of 429 and 297?
33
What is the greatest common divisor of 224 and 160?
32
What is the greatest common divisor of 10 and 18?
2
Calculate the greatest common factor of 46 and 161.
23
What is the highest common factor of 33 and 253?
11
Calculate the highest common factor of 81 and 18.
9
Calculate the greatest common divisor of 2 and 810.
2
What is the highest common factor of 130 and 208?
26
Calculate the greatest common divisor of 205 and 39360.
205
What is the greatest common factor of 1018 and 2?
2
What is the highest common factor of 1120 and 245?
35
What is the highest common factor of 43950 and 10?
10
What is the greatest common factor of 12 and 640?
4
What is the highest common divisor of 45 and 603?
9
What is the highest common factor of 25 and 20?
5
What is the highest common divisor of 42 and 315?
21
Calculate the greatest common divisor of 38 and 437.
19
Calculate the highest common factor of 16 and 80.
16
Calculate the greatest common factor of 15134 and 161.
161
What is the greatest common factor of 49378 and 14?
14
What is the greatest common divisor of 216 and 8?
8
Calculate the highest common factor of 51 and 663.
51
Calculate the greatest common divisor of 320 and 10.
10
What is the greatest common divisor of 120 and 160?
40
Calculate the greatest common factor of 1085 and 140.
35
What is the greatest common divisor of 6214 and 26?
26
What is the greatest common factor of 195 and 234?
39
Calculate the greatest common factor of 918 and 17.
17
Calculate the highest common factor of 37 and 481.
37
What is the greatest common factor of 1513 and 51?
17
What is the greatest common divisor of 26 and 663?
13
Calculate the greatest common factor of 1074 and 2.
2
Calculate the greatest common divisor of 156 and 10608.
156
What is the highest common divisor of 96 and 144?
48
What is the highest common divisor of 472 and 8?
8
What is the highest common factor of 572 and 176?
44
Calculate the greatest common factor of 91 and 105.
7
Calculate the greatest common factor of 1629 and 724.
181
What is the highest common factor of 14 and 14?
14
Calculate the highest common divisor of 34 and 187.
17
Calculate the highest common factor of 2835 and 30.
15
Calculate the highest common factor of 63 and 63.
63
What is the highest common factor of 2460 and 540?
60
Calculate the greatest common divisor of 1375 and 110.
55
What is the highest common divisor of 656 and 208?
16
What is the greatest common factor of 95 and 551?
19
Calculate the highest common factor of 80 and 856.
8
Calculate the greatest common divisor of 91 and 494.
13
Calculate the greatest common factor of 6 and 147.
3
What is the greatest common divisor of 70 and 1120?
70
Calculate the highest common divisor of 616 and 88.
88
Calculate the highest common divisor of 1848 and 352.
88
Calculate the highest common factor of 12 and 4.
4
What is the highest common factor of 2067 and 3021?
159
Calculate the greatest common divisor of 170 and 15.
5
What is the highest common factor of 1225 and 150?
25
What is the greatest common divisor of 274 and 2?
2
What is the highest common factor of 2211 and 8241?
201
Calculate the highest common divisor of 1122 and 264.
66
What is the highest common factor of 265 and 1431?
53
Calculate the highest common divisor of 34 and 544.
34
What is the greatest common divisor of 36938 and 292?
146
What is the highest common divisor of 1 and 121?
1
Calculate the highest common factor of 78 and 52.
26
Calculate the highest common factor of 35547 and 123.
123
What is the highest common divisor of 4 and 26